39. Is i prime?
False
Let d(n) be the third derivative of 527*n**4/12 - 5*n**3/2 - n**2. Suppose 5*o = -6*m + 44, 0 = 33*o - 29*o + 2*m - 24. Is d(o) a composite number?
False
Let y(q) = -52*q - 5. Let v be y(1). Let f be v/((-40)/(-14) - 3). Suppose s + 5*m - f = 0, 1141 = 3*s - 2*m + 3*m. Is s a prime number?
True
Suppose 20 = -5*p, 9*r = 4*r - 4*p + 19. Let a(c) = 15*c**3 + c**2 - 73*c - 10. Is a(r) a prime number?
True
Suppose -4*o = -u + 517, -56*u + 2*o = -55*u - 529. Is u a composite number?
False
Let t = 98 - 228. Let b = t - -1007. Is b a prime number?
True
Let j = -1310 + 2777. Let f = j + -398. Is f a composite number?
False
Is (1182489/(-28) + 7)/((-8)/(24 + 8)) a prime number?
True
Suppose 17*u - 12*u - 10375 = 0. Suppose 0 = 5*j + 3*a - u - 6116, 0 = -j + 4*a + 1629. Is j composite?
False
Let o(q) = -5*q**3 - 251*q**2 - 40*q + 367. Is o(-61) a composite number?
True
Let v = -6000 - -57862. Suppose 2*d - v = -10448. Is d a prime number?
True
Suppose 23 = -7*p + 65. Is (20372/132)/(1/p) composite?
True
Let t(k) = -3 + 448*k**3 + 582*k**3 + 631*k**3 + 2. Let f be t(1). Suppose -o = -3*z - 0*z - f, 3*o - 4*z - 4975 = 0. Is o prime?
True
Let l = 35 + -32. Suppose 4*k = -2*s + 8, -2*s - 10 = -4*k - l*s. Suppose -k*b = -b - 2506. Is b a composite number?
True
Let w be (-15)/(-27) + (-32)/(-72). Is (-142 + -337)*(-1)/(w + 0) a composite number?
False
Suppose 2*r + 8 = 2*y + 12, 5*y + 3*r - 22 = 0. Let d be 191/(-5*y/(-30)). Let v = d - -1490. Is v prime?
True
Suppose 4*m + 16426 = -2*q, -3*m + 32852 = 36*q - 40*q. Let z = q - -15664. Is z prime?
True
Let r(t) = -5*t - 48. Let d be r(-10). Is 2/(d/(-20248)*2*-4) composite?
False
Suppose 1131*p - 1085*p = 3277546. Is p a composite number?
True
Let n be 84051/(-12)*(-48)/18. Let u = n - 10235. Is u prime?
True
Let o(x) be the second derivative of -43*x**4/12 - 49*x**3/6 + 17*x**2/2 - 3*x. Let s(z) be the first derivative of o(z). Is s(-13) composite?
False
Let c(h) = 2*h**3 - 17*h**2 + 9*h - 15. Suppose -49 = -2*u + 5*v, 0 = 4*u - 5*v - 92 + 19. Is c(u) composite?
True
Suppose -q - 6 = 2*q, -3*q + 64369 = 5*p. Let n = 18388 - p. Is n a composite number?
True
Suppose -16836 = 7*x + 22994. Let j = -2975 - x. Is -2*(3 + -4)*j/6 a prime number?
False
Let i = -1993507 + 3736205. Is i a prime number?
False
Let b = 15548 - -23661. Is b a composite number?
False
Let d(m) = 158*m - 952. Let y be d(6). Let c = -10 - -18. Is y/(c/174)*(-3)/3 composite?
True
Suppose 2*w + 3*o + 42 = -3*w, 2*w + 5*o + 32 = 0. Let l(m) = -1521*m - 7. Is l(w) composite?
True
Suppose 614 = 76*w - 77*w. Let t = 3333 + w. Is t a composite number?
False
Let b be (-100)/14 + (456/56 - 9). Let k(h) be the third derivative of h**5/4 + 3*h**4/8 - 17*h**3/6 - 2*h**2. Is k(b) a composite number?
True
Let d(t) = 41517*t + 629. Is d(8) composite?
True
Suppose 9*g - 3845 = -947. Suppose -3*n - g = -s, 5*s - 3*s + n = 609. Is s a composite number?
False
Let h = -125 - -3852. Suppose 5*u - 386 = -3*f + h, -3*u = -4*f + 5484. Is f prime?
False
Let p be (-128)/48*3/(-4). Suppose 2*s - p = -20. Is s/(-21) + 6250/35 prime?
True
Let o(n) = -3*n - 35. Let z be o(-16). Let t(j) = 1599*j - 56. Is t(z) composite?
False
Suppose o + 2*d - 16363 = -4364, 4*o - 2*d = 47976. Is o composite?
True
Suppose -51*k = -19*k - 5056. Is k a prime number?
False
Let k = 124052 - 45943. Suppose -16*m = -64515 - k. Is m prime?
False
Let y = 4231 + 17429. Let f = y + 1855. Is f a composite number?
True
Let w(o) = -913*o + 10. Let l(g) = 913*g - 9. Let q(b) = 4*l(b) + 3*w(b). Is q(1) a prime number?
True
Suppose 1049207 = p + 4*r, -3*p + 95452 + 3052099 = 2*r. Is p composite?
True
Is 0 + ((-21)/(-14))/(6/304588) prime?
True
Is (-2)/8*-20 - (-95147 + (0 - 1)) prime?
True
Suppose -t = -5*a + 83748 + 910652, 994420 = 5*a - 5*t. Is a a prime number?
False
Is (40/30 - 2) + (-3)/((-18)/55342) prime?
False
Let a(g) = 33*g - 717. Let i be a(16). Suppose -5*j - 2200 = -5*w, 5*j + 158 + 1162 = 3*w. Let f = i + w. Is f prime?
True
Let t(i) = 12*i**3 + 39*i**2 + 24*i - 211. Is t(16) prime?
False
Let s(m) = -624*m - 937. Is s(-30) a composite number?
False
Let t(m) = 532*m - 28 - 903*m + 11 - 809*m. Is t(-4) a composite number?
False
Suppose 21*n - 4*u - 582988 = 17*n, 0 = -n + 2*u + 145753. Is n composite?
True
Let c be (-26)/(1 - 3) + -5 + 5. Suppose -o - 11 + c = 0. Suppose -5*w + o*k = -195, -4*w + w = k - 106. Is w a prime number?
True
Suppose -4*z - 4*y + 2828764 = 0, 25*z - 1414386 = 23*z - 4*y. Is z prime?
False
Let m = 3784 + -2527. Suppose -4*o = o + 2*x - 1251, -5*o = -x - m. Is o prime?
True
Let b = 712172 - 330009. Is b prime?
True
Let d(u) = -4*u**3 + 8*u**2 + 18*u - 33. Let h = 606 + -621. Is d(h) a composite number?
True
Suppose -6*f = u - 2148497, -34*f = -2*u - 30*f + 4297074. Is u composite?
False
Let k(x) = -13*x**2 - 7*x + 199651. Is k(0) prime?
False
Let z = 450 - 447. Suppose -11660 = -5*c + z*s, 14*c - 12*c = -5*s + 4633. Is c a composite number?
True
Suppose 63*k - 59*k = 127652. Suppose 0 = -32*j + 39*j - k. Is j a composite number?
True
Suppose -107*f = -v - 103*f + 16886, 0 = 4*f. Is v prime?
False
Suppose 5709 = 8*r - 6155. Suppose -13613 = -5*u - x, u + 3*x - 1248 = r. Is u a composite number?
True
Let h be 1475/15 - (-10)/6. Suppose -h = j + 62. Let n = j + 353. Is n composite?
False
Let b be 9/((-216)/(-16)) - (-6016)/(-6). Let p = b - 117. Let z = p + 2072. Is z prime?
True
Let r = 82815 - -12741. Suppose 2*j - 3*x = -j + r, -2*x + 159225 = 5*j. Is j prime?
True
Suppose 0 = -x + 5*x - 40. Suppose x*u - 17237 = 5213. Is u composite?
True
Suppose 0 = 4*y + 28, 3*y - 7435153 = -11*d - 688995. Is d a composite number?
False
Suppose -5*i - 5*f = -4*f - 681, 0 = 5*f + 20. Suppose w - i = 709. Let h = -173 + w. Is h a prime number?
True
Let l = 42224 - 24361. Is l a prime number?
True
Suppose -4*a = -17*a. Suppose a*j = -6*j + 1986. Is j prime?
True
Suppose 5*r - 4*r = 149. Let f = -33 + r. Is f + 4/(-2) + 1 prime?
False
Let t(m) be the second derivative of 41*m**5/20 - m**4/6 - m**3/6 + 3*m**2/2 + 3*m. Suppose r - 2 = -r - 2*s, 5*r - 4*s - 14 = 0. Is t(r) prime?
False
Suppose -223117 = 11*i - 1088265 - 703463. Is i composite?
False
Let f = -488 - -491. Suppose 12*z - 10*z - 7014 = -4*n, f*n = -5*z + 17507. Is z composite?
False
Suppose 0 = -v - 4*l + 2*l + 527, -2*l + 1561 = 3*v. Let c(k) = -49*k**3 + 3*k**2 + 6*k + 6. Let o be c(-3). Let i = o - v. Is i a prime number?
True
Let b = -2444 - -7656. Let v = 4375 + b. Is v composite?
False
Suppose u = 4*b + 5362, -8*u + 12*u - 21548 = -4*b. Suppose u + 11187 = 9*n. Is n composite?
True
Let j(k) = -k**2 - k. Let i(t) = -27*t**2 + 8*t - 16. Let c(a) = -80*a**2 + 23*a - 49. Let s(w) = 2*c(w) - 7*i(w). Let d(l) = -2*j(l) + s(l). Is d(5) composite?
True
Suppose -6 = -4*k + 14. Let l(u) = -10*u + 53. Let o be l(k). Suppose o*z = -w + 568, 0 = -2*w + 4*z + 415 + 711. Is w composite?
True
Let w = -390 + 176. Let c = 333 + w. Is c prime?
False
Suppose 0 = 4*i + o - 1181426, 0 = -4*i + 2*o - 139939 + 1321371. Is i a prime number?
True
Let j(r) = -88 + 44 - 73*r + 53 + r**2. Is j(-22) composite?
False
Let y(c) = 1488*c**2 + 147*c + 817. Is y(-6) prime?
True
Suppose -17*y + 21 = -10*y. Is (-9716)/(-21)*y - 3 a prime number?
False
Is ((-663)/78)/((-2)/(-4)*17/(-24191)) composite?
True
Suppose -4*q = 4*v - 378120, -4*q = 151*v - 149*v - 378126. Is q a prime number?
False
Let o(x) = 552*x**2 + 67*x - 668. Is o(9) a prime number?
True
Let w(c) = -24*c**3 - 6*c**2 + 4*c - 1. Suppose -5*q - 6*r = -r + 35, -5*q = -3*r + 51. Is w(q) prime?
False
Let v(a) = 30*a**2 - 57*a - 444. Is v(-63) composite?
True
Let u(z) = z**3 - 5*z**2 + 4*z + 4. Let i be u(4). Suppose i*j = 690 + 62. Suppose -336 = -4*a + j. Is a a prime number?
True
Let p = 16147 - 590. Is p composite?
True
Let w = 438063 + -258346. Is w a composite number?
False
Let z be 2/(-7) - (-1 - 3635/7). Let o = 2334 - z. Is o a composite number?
True
Suppose -2*k + 2 = -5*n, 2*k - k = 4*n - 2. Let t be 2 + -3 + 0 + k. Suppose -f - 2368 = -5*f - 4*d, t*f - 5*d = 3010. Is f composite?
True
Suppose -200621 = -z - o, 200627 = 215*z - 214*z + 2*o. Is z a prime number?
False
Let b = -9 + 17. Let k(x) = -67*x + 1. Let v be k(b). Let d = 28 - v. Is d prime?
True
Let v(h) = 